6 - g**3/6 - 6*g**2. Let l(y) = -y**2 - 3*y + 6. Let p be l(-5). Is w(p) prime?
False
Let y(h) = -h**3 + h**2 + h - 1. Let j be y(1). Suppose -3*g - 4 + 10 = 0. Suppose j*c + g*c = 28. Is c prime?
False
Let q(s) = -s**2 - 3*s + 1. Let l be q(-3). Let t = l - -36. Is t prime?
True
Suppose 5*s - 95 - 642 = 4*f, 0 = -2*f - 4*s - 362. Let m = 396 + f. Is m composite?
True
Let n = -1571 + 2632. Is n composite?
False
Let a be (-36)/(1/(-2) + -1). Let v = a + -3. Is v a prime number?
False
Let b(w) = w**3 + 14*w**2 + w - 11. Is b(-10) prime?
True
Is (-1 + 16/12)*879 composite?
False
Suppose 518 = 5*p + 2*p. Is p a composite number?
True
Suppose 5*x - 1415 = -2*v + v, 0 = -4*x + 4*v + 1132. Suppose -4*m + 611 = -3*l, 2*m - x = -2*l - l. Is m composite?
False
Suppose -3*q - 2*d + 9475 = -0*d, 2*q - 3*d = 6295. Suppose 0 = -5*s + 2*h + q, -3*h - 1262 = -2*s + h. Is s prime?
True
Let l be 0 - -3 - (-2 - -1). Let z be (-2)/3 - (-420)/36. Suppose -l*m = -z + 3. Is m composite?
False
Suppose 0 = -q + 27 + 350. Is q a prime number?
False
Let g be (2 + 86)*(-2 - 0). Let u = g - -253. Is u prime?
False
Let w be (6 + -1)*(-4)/10. Let r be (-2 + 2/w)/(-1). Let j(h) = 3*h**2 + 4*h - 4. Is j(r) a prime number?
False
Suppose 3*t - 76 = 875. Is t a composite number?
False
Suppose -u - 39 = 2*u. Let s = 18 + u. Suppose -2*k + 171 = 3*k + 3*n, -s*n = -4*k + 122. Is k composite?
True
Suppose -5*t = -3*n - 800, -3*n = -1 - 14. Is t prime?
True
Let o(k) = 138*k**3 + k**2 + 5*k - 7. Is o(2) prime?
False
Suppose 0 = -p + 2*p + 2*b - 17, -33 = -5*p + 3*b. Is p composite?
True
Let a(l) = 3*l + 4. Let j be a(-3). Let v = j - -8. Suppose -5*n + 5*y = -69 - 16, 0 = v*n - 5*y - 59. Is n a prime number?
True
Suppose 4*h - 3*d = 22, -4*d + 28 = 5*h - 15. Let v(b) = -b**3 + 11*b**2 + 4*b - 6. Is v(h) a composite number?
True
Let w be (-364 - 2) + 4 + -1. Let r be (w/(-6))/((-1)/(-2)). Suppose -c + r = 2*p, -c + 0*c + 133 = -2*p. Is c composite?
False
Suppose -2 - 1 = -j. Let k = 36 - j. Is k prime?
False
Let c(s) = -s**3 + 5*s**2 - 2*s - 3. Suppose 0 = 3*v - 8 - 4. Let o be c(v). Suppose o*l - 94 = 3*l. Is l prime?
True
Suppose 14*u = 15*u - 3989. Is u a composite number?
False
Let t(l) = 58*l**2 - 2*l - 1. Is t(-1) a composite number?
False
Let u be (2/(-6))/(2/(-18)). Suppose u*c - 33 - 12 = 0. Is c prime?
False
Suppose -2*m + 33 = 3*m - 3*b, 2*m + b - 11 = 0. Suppose -4*x = -3*y - m*x - 2, -3*y + 10 = -x. Suppose -y*c + c + 11 = 0. Is c prime?
True
Suppose 0 = m - 6 + 1. Suppose -5*f + 28 = -72. Suppose 5*t + m*k - 7 = 33, -k - f = -3*t. Is t a composite number?
False
Suppose 5*b - 1122 - 343 = 0. Is b composite?
False
Suppose 0 = -h - 5*b - 5, -h - 3*h = -5*b - 30. Suppose 0 = -2*y - 3*x + 13, 4 = -h*x + 9. Is 3 + (y - -1 - 3) a composite number?
True
Suppose -4*n = -w + 6*w - 3531, -4*w - 5*n = -2823. Is w composite?
True
Let o be (-4)/(-2 + 0)*1. Suppose -4*c = -4*k - 344, -o*c + c + 3*k + 80 = 0. Is c a composite number?
False
Let s = 865 + -282. Is s a prime number?
False
Let u(p) = 29*p - 27. Is u(8) prime?
False
Let z = 3 - -5. Suppose s - z*y + 5*y = 100, 4*s + 4*y - 432 = 0. Is s a composite number?
True
Suppose -3*s + 2180 = -718. Suppose 4*m + 5*p = -1976, m - 3*p = -m - s. Is (m/(-12))/(3/12) a composite number?
False
Suppose 0*o = 4*a - 2*o - 312, -4*a + 298 = 5*o. Suppose -5*s - a = -j, 0 = 4*j + 2*s - 0*s - 264. Is j prime?
True
Suppose 3*m = 4*f + 15, 3*f = 13 - 4. Suppose 2*k = -4*c + 2022, -m*k = -c - 4*k + 500. Suppose 180 = -5*a + c. Is a composite?
True
Let q be (2 + 0 - 3)*-22. Suppose -5*c + y - 5*y - 26 = 0, 2*y + 8 = 0. Is q*(-1)/c - 0 a prime number?
True
Suppose -5*o = -2*d + 4, -12 = 4*d - 0*d. Is 1/o + 396/8 composite?
True
Suppose -3*z = -a + 34, -3*a - 115 = -7*a + 5*z. Is a composite?
True
Let l be 2 - ((2 - 1594) + -1). Suppose -p = 4*p - l. Suppose -s + 5*s = -5*n + 427, -3*s - 4*n + p = 0. Is s a composite number?
False
Suppose s = 4*k + k + 3, -2*k + 4*s + 6 = 0. Is 412 + -5 + k + 3 composite?
False
Let q be (4 + 5)/(-3) - -208. Let g = q + -56. Is g a composite number?
False
Let y = 342 + -139. Is y a prime number?
False
Let y(h) = 20*h - 1. Let w be y(-2). Let s = 20 + w. Let p = 4 - s. Is p a prime number?
False
Suppose -y + 0*y = -153. Let r be (y - -2)*(-12)/(-15). Let f = -45 + r. Is f a prime number?
True
Let d = -299 + 643. Let r be 2/(-5) + 44/10. Suppose d = r*c - 12. Is c a composite number?
False
Suppose 4*m + 5*b - 25 = 0, b = 3*m - 5*m + 5. Suppose -a - 2*a + 69 = m. Is a a composite number?
False
Suppose -4*n + 3*r - 141 = 0, 4*r - 73 = 2*n + 3*r. Is n/(-2)*(-4)/(-3) composite?
True
Suppose -22 = -m - 5*k, 0 = -2*k - 0*k + 6. Suppose 2*s + 155 = m*s. Is s composite?
False
Suppose 3*i + 30 = -24. Is (-6)/(-4)*(-2532)/i a prime number?
True
Let q(n) = -n**3 + 6*n**2 - 3*n - 7. Let z be (0 + 15)*(-2)/(-6). Let g be q(z). Is 0/3 + 231/g a prime number?
False
Suppose -29 - 13 = -2*v. Is v a prime number?
False
Is (11/(-3))/((-20)/(-21) + -1) a prime number?
False
Let h(u) = 238*u**2 - 6*u - 7. Is h(-3) composite?
False
Let n be (1*-3)/(-3)*5. Suppose p - 3*t + 0*t = 75, 5*t = n*p - 355. Suppose -5*c + 234 = p. Is c prime?
False
Suppose l = 6*l - 30. Suppose -35 = -3*q + 4. Let u = l + q. Is u a prime number?
True
Let b = -2 + 1. Let x be ((-1)/3)/(b/6). Suppose u - x = 1, 3*y + 4*u = 42. Is y composite?
True
Let j(a) = -2*a + 2. Let g be j(-8). Is g/42 - 2976/(-14) a composite number?
True
Let c = 75 + -26. Suppose -3*k + 7 = -4*h, h = 5*k - h + 7. Let l = c + k. Is l a prime number?
False
Suppose -2055 = 11*q - 16*q. Is q a prime number?
False
Is (-12)/(-36) + (-9064)/(-6) a composite number?
False
Let o be 28/(-3 + 7) - 0. Suppose -o - 2 = -i. Is i a prime number?
False
Let y(u) = -u + 7. Let x(n) = -10*n**3 + n**2 - 1. Let q be x(1). Let o = q - -4. Is y(o) composite?
False
Let q(h) = -4*h**2 - 8*h + 3*h**2 + 1 + 1. Let s be q(-9). Is 2/s + 428/28 a prime number?
False
Is -14*2/(-8)*142 composite?
True
Let b(z) = -3*z - 1. Let x be b(3). Is 1269/6 - (-5)/x a prime number?
True
Let p be 0 + (1 + 7)/(-2). Let t(l) = 6*l - 2. Let i be t(p). Is (i/(-4))/((-2)/(-20)) a prime number?
False
Is 0 - -1 - (4708/(-4) + -3) prime?
True
Suppose 3*s + s = 24. Is s prime?
False
Let i(z) = -404*z**3 - 2*z**2 - 2*z - 1. Let p be i(-1). Suppose h + h - 5*a = p, 194 = h - 5*a. Is h composite?
True
Let i = 178 + -127. Is i prime?
False
Let n be (116/(-12))/(2/54). Is (n/(-3))/3 + 2 a prime number?
True
Suppose 0 = 4*k - 0 + 4. Is 124*2 + k + 4 composite?
False
Suppose 7*t - 1479 - 880 = 0. Is t prime?
True
Let l be (6/21)/(1/7). Suppose 4 = -l*i + 10. Suppose y = -i*z + 31, -2*z - 84 = -2*y + 3*z. Is y a composite number?
False
Suppose 5*t - 115 = -4*w, 0 = -2*w - 2*t + 31 + 25. Let s be 44/(-10)*w/(-10). Let r = s - -78. Is r a prime number?
True
Let h be (7 - 3) + (-1)/1. Suppose -2 - h = -c. Is -4 + c - 12/(-2) a composite number?
False
Let w(o) = -126*o + 2. Let k be w(-5). Let z = k + -337. Is z prime?
False
Let m be 10/(-2)*(-4)/(-10). Is ((-2)/m)/(5/235) prime?
True
Let k be ((-70)/(-4))/((-15)/(-30)). Is ((2 + k)*-7)/(-1) prime?
False
Suppose 393 = 3*b - 2*p - 93, 2*b - 324 = -p. Let a = b - 75. Is a a composite number?
True
Let q(x) = -x**3 - 3*x**2 + 4*x. Let p be q(-4). Suppose -3*l + 2*j = -267, p = 4*l - j + 4*j - 356. Is l a prime number?
True
Let d(g) = 2*g**2 + g. Let c be d(1). Let y = -2 + c. Is y*-2*106/(-4) prime?
True
Suppose 0 = -q - 5*o + 14, 0 = -4*o + 3*o + 2. Suppose -q*g - g + 50 = 0. Is g composite?
True
Let n(a) = 3*a**2 + 7*a + 10. Let v(w) = -2*w**2 - 4*w - 5. Let f(x) = -3*n(x) - 5*v(x). Is f(-8) a composite number?
False
Let c(b) = 53*b. Let s(a) = -a**2 - 2*a - 3. Let v be s(-3). Let x(g) = -53*g. Let y(p) = v*c(p) - 7*x(p). Is y(1) composite?
False
Let k = -1 - -5. Suppose -k = 4*x, 2*y + 2*x + 9 - 21 = 0. Is y prime?
True
Let k be (0 - 1) + (6 - 7). Let i be 17/k - (-3)/(-6). Let g(b) = -b**2 - 13*b - 1. Is g(i) prime?
False
Suppose 4 + 1 = t. Suppose -3*u = -t*u + 230. Is u a composite number?
True
Let v(z) = 2*z**3 - 2*z**2 + z - 8. Is v(7) composite?
False
Let y be 0 - (3 - 2 - 5). Let l(j) = j**2 - 3*j - 1. Let v be l(y). Suppose v*w + 0*w = 5*k - 347, 0 = 4*w + 16. Is k composite?
False
Suppose 0 = -4*r +